1100 + 1101011100011?
1101011111111
In base 8, what is 4 + 30252?
30256
In base 9, what is -36 - 1356?
-1403
In base 14, what is -442 + -807?
-c49
In base 9, what is -217 - -222?
4
In base 12, what is -4 - -240a4?
240a0
In base 16, what is 1 - 75231?
-75230
In base 10, what is -608 - 42?
-650
In base 9, what is 2 - 551046?
-551044
In base 3, what is -10001020121 + -12?
-10001020210
In base 6, what is 330445 - 5?
330440
In base 6, what is -5 - 322055?
-322104
In base 8, what is -23 + -3617?
-3642
In base 3, what is 2 - -101002211?
101002220
In base 6, what is -333032 + 2?
-333030
In base 13, what is -70b - 22?
-730
In base 15, what is 3 + -24ade?
-24adb
In base 8, what is -2077403 - -6?
-2077375
In base 3, what is 22 + 102021222?
102022021
In base 10, what is 115 + -10?
105
In base 16, what is 5cf + -21?
5ae
In base 2, what is -10001 - 101110010110?
-101110100111
In base 2, what is 1000111100 - 10011110?
110011110
In base 13, what is 4 - -2a026?
2a02a
In base 16, what is 1df - -bed?
dcc
In base 12, what is 246 - 981?
-737
In base 2, what is -100100100100011 - 101111?
-100100101010010
In base 6, what is 353201 - 4?
353153
In base 7, what is -5 - 630544?
-630552
In base 2, what is 0 + -11000011011101?
-11000011011101
In base 6, what is -25 + 1544120?
1544051
In base 5, what is -44340 + 2?
-44333
In base 13, what is -9c - -80?
-1c
In base 5, what is -14 + -140423?
-140442
In base 13, what is 5cc3 - 0?
5cc3
In base 2, what is -11101001001101010 - -100?
-11101001001100110
In base 7, what is -31242 + 2?
-31240
In base 6, what is 415300 + -1?
415255
In base 3, what is 10 - 110001212?
-110001202
In base 8, what is -2622 + -125?
-2747
In base 16, what is -13f88 - -15?
-13f73
In base 9, what is -4 + -1005881?
-1005885
In base 3, what is -100202200 - 222?
-100210122
In base 8, what is 74333 - 10?
74323
In base 16, what is 10e33 - 5?
10e2e
In base 15, what is 4ebd + 19?
4ed7
In base 2, what is 1 + -111101001101101?
-111101001101100
In base 10, what is 33725 + -20?
33705
In base 12, what is 1155743 - 2?
1155741
In base 6, what is -125114111 - 4?
-125114115
In base 5, what is 104312 - 444?
103313
In base 11, what is -1468a - 7?
-14696
In base 9, what is 2 + -100125?
-100123
In base 9, what is 138728 + -25?
138703
In base 2, what is 101 - 11101011100?
-11101010111
In base 14, what is 19749 + 5?
19750
In base 3, what is 100010 - 101022?
-1012
In base 13, what is 0 + -396c07?
-396c07
In base 2, what is 101010 + 101000110111?
101001100001
In base 4, what is 121 - 301202100?
-301201313
In base 9, what is -1633015 + -2?
-1633017
In base 7, what is -1415201 - 45?
-1415246
In base 10, what is -1 - -60276?
60275
In base 2, what is -100100110011 + -1001100?
-100101111111
In base 16, what is -e - 48f4?
-4902
In base 13, what is -57 - 7a1?
-828
In base 12, what is -4 - 1b45?
-1b49
In base 9, what is 33081 + 3?
33084
In base 5, what is -11204102 + 1?
-11204101
In base 3, what is -10 + 11121221000?
11121220220
In base 8, what is 2 + 76340?
76342
In base 4, what is 0 - 2120?
-2120
In base 11, what is -4a3 + -69?
-561
In base 3, what is -2 - -112002122?
112002120
In base 7, what is -1 + -22055613?
-22055614
In base 6, what is 300 - -14053?
14353
In base 7, what is 55 - 5206?
-5121
In base 14, what is 10d797 - -5?
10d79c
In base 15, what is 3 - -1949c4?
1949c7
In base 9, what is -48306 - -65?
-48231
In base 2, what is 111101101111011001101 + -101?
111101101111011001000
In base 6, what is -4301 + 3221?
-1040
In base 10, what is 620 + 72?
692
In base 8, what is -15657 + -45?
-15724
In base 16, what is 1a - 40f0?
-40d6
In base 3, what is 10001012 - 1010?
10000002
In base 13, what is 0 - c234?
-c234
In base 9, what is 765 + -201?
564
In base 14, what is 7457 + a?
7463
In base 2, what is 1011000010010 + -10?
1011000010000
In base 3, what is 10010121201 - -10?
10010121211
In base 13, what is 612 - -700?
1012
In base 8, what is -665 - -5?
-660
In base 9, what is -1 + -17862?
-17863
In base 8, what is 236 + 13671?
14127
In base 7, what is 2341 + -13104?
-10433
In base 8, what is 12325 - -17?
12344
In base 11, what is -1567755 + 4?
-1567751
In base 8, what is -4512523 - 0?
-4512523
In base 11, what is 2a + 42215?
42244
In base 6, what is -4 - 24103?
-24111
In base 5, what is 23141102 + -4?
23141043
In base 14, what is 691 - -94?
745
In base 10, what is 36802 + 1?
36803
In base 4, what is -1012102212 + -1?
-1012102213
In base 5, what is 1 - 1230104?
-1230103
In base 13, what is -5 + 21306?
21301
In base 4, what is 1313110 - -1221?
1320331
In base 16, what is 0 - 16b9?
-16b9
In base 14, what is 462 - -1?
463
In base 5, what is 1021021 + 1242?
1022313
In base 2, what is 1 - 1111111011011000?
-1111111011010111
In base 13, what is 4772 - -4?
4776
In base 4, what is -110 - -1032?
322
In base 4, what is 0 - 103322220?
-103322220
In base 15, what is -115c1 + 4?
-115bc
In base 3, what is 110 + 21221011?
21221121
In base 8, what is -11604 + -57?
-11663
In base 8, what is 5 + 225234?
225241
In base 5, what is -14213220 + -2?
-14213222
In base 12, what is 1 + -551?
-550
In base 5, what is 3 - -12432203?
12432211
In base 8, what is -453 - 3140?
-3613
In base 4, what is 2332 - -1222?
10220
In base 8, what is 11614606 - 3?
11614603
In base 9, what is 8 - 32735?
-32726
In base 12, what is 1a2 - -15?
1b7
In base 11, what is -1 + -17672?
-17673
In base 2, what is 100000111111111 - 101?
100000111111010
In base 3, what is 2120222022212 - 11?
2120222022201
In base 11, what is -120a + -1?
-1210
In base 7, what is -11264 + 240?
-11024
In base 12, what is 12 - 627?
-615
In base 6, what is -1 + 11433?
11432
In base 6, what is 302015 - -13?
302032
In base 16, what is d13 - 1a?
cf9
In base 3, what is 1 + -100210121?
-100210120
In base 13, what is 2735 + -89?
2679
In base 12, what is 5 - 5556?
-5551
In base 2, what is -10001010110011111011 - 0?
-10001010110011111011
In base 4, what is 23 - 13211233?
-13211210
In base 4, what is -11023 - 321220?
-332303
In base 13, what is -3 + -c4bb?
-c4c1
In base 16, what is 48 + -4fe?
-4b6
In base 3, what is 10 - -1212210101112?
1212210101122
In base 6, what is -101204 - 125?
-101333
In base 7, what is 55560 + 1?
55561
In base 16, what is -4 - -2045?
2041
In base 16, what is afb + 73?
b6e
In base 6, what is -5 + -303345?
-303354
In base 5, what is -331 - -344?
13
In base 7, what is -3 - -250624?
250621
In base 6, what is 23 - -3002145?
3002212
In base 9, what is 215 - 6477?
-6262
In base 6, what is 5 - -101105?
101114
In base 9, what is -55811 - 4?
-55815
In base 8, what is 74144 - -13?
74157
In base 4, what is 2322001 - 10?
2321331
In base 3, what is -1212202111 - -1111?
-1212201000
In base 7, what is -6 + 1101041?
1101032
In base 7, what is 2450312 + -2?
2450310
In base 5, what is -3 - -103401202?
103401144
In base 6, what is -11 + -400445?
-400500
In base 11, what is -9463 - 3?
-9466
In base 3, what is -22021102 + -2?
-22021111
In base 10, what is 63609 - -8?
63617
In base 10, what is -1604 - -16?
-1588
In base 2, what is -101011111111000 - -11001?
-101011111011111
In base 6, what is -15501415 - 5?
-15501424
In base 13, what is -29423 - 3?
-29426
In base 6, what is -12554002 + 0?
-12554002
In base 8, what is -1313 + 22?
-1271
In base 3, what is -222211 + -1100?
-1001011
In base 4, what is 3 + 20303311?
20303320
In base 2, what is -100101010011 - 101010?
-100101111101
In base 9, what is -1 + 44624?
44623
In base 9, what is -50 - -125834?
125774
In base 3, what is 122101100 + -111?
122100212
In base 8, what is 171746 + 2?
171750
In base 12, what is -2ab - 29?
-318
In base 3, what is 211222 + -1021100?
-102101
In base 10, what is 55 + -484?
-429
In base 13, what is -5 + -32652?
-32657
In base 12, what is 619 + -26?
5b3
In base 7, what is 2104164 - 0?
2104164
In base 16, what is -7 - -1d34?
1d2d
In base 10, what is 57605 + -5?
57600
In base 7, what is -10 - 3345?
-3355
In base 4, what is 3123223311 - -1?
3123223312
In base 14, what is -10a09 - 9?
-10a14
In base 8, what is 1 + -2420?
-2417
In base 5, what is 31044 + -42?
31002
In base 14, what is -19 - -6c2?
6a7
In base 3, what is -12 + 1122021212?
1122021200
In base 11, what is 160208 - 10?
1601a8
In base 15, what is -51d0 + -1?
-51d1
In base 11, what is -3 - -14486?
14483
In base 9, what is 45 - 10?
35
In base 13, what i